{"id":96,"date":"2025-11-29T23:36:42","date_gmt":"2025-11-29T22:36:42","guid":{"rendered":"https:\/\/agirensemblepourbeauchamp.fr\/?page_id=96"},"modified":"2026-02-01T19:15:41","modified_gmt":"2026-02-01T18:15:41","slug":"2020-2026-vie-culturelle","status":"publish","type":"page","link":"https:\/\/agirensemblepourbeauchamp.fr\/index.php\/bilan-2020-2026\/2020-2026-vie-culturelle\/","title":{"rendered":"2020 &#8211; 2026 : Vie culturelle"},"content":{"rendered":"\n<p>Notre politique a \u00e9t\u00e9 salu\u00e9e par une <strong>reconnaissance nationale<\/strong> : la ville est devenue la <strong>premi\u00e8re du Val d&rsquo;Oise \u00e0 obtenir le label \u00ab Territoire de culture \u00bb<\/strong>. Cette distinction t\u00e9moigne d&rsquo;une offre culturelle ambitieuse, vari\u00e9e, de qualit\u00e9 et accessible \u00e0 tous. La municipalit\u00e9 a affirm\u00e9 son engagement \u00e0 investir dans la vie culturelle de la cit\u00e9.<\/p>\n\n\n\n<p>L&rsquo;accessibilit\u00e9 a \u00e9t\u00e9 un pilier de l&rsquo;action culturelle. La ville a mis en place la <strong>gratuit\u00e9 pour les enfants de moins de 6 ans<\/strong>, encourageant la participation des familles aux \u00e9v\u00e9nements. La modernisation a \u00e9t\u00e9 assur\u00e9e par l&rsquo;instauration de la <strong>billetterie en ligne<\/strong>. Pendant la crise sanitaire, des solutions num\u00e9riques temporaires, comme le <strong>Click and collect \u00e0 la m\u00e9diath\u00e8que<\/strong> et le Mangachamp en ligne, ont \u00e9t\u00e9 mises en \u0153uvre pour maintenir le lien avec les habitants.<\/p>\n\n\n\n<p>Le volet \u00e9ducatif et la <strong>promotion des pratiques artistiques<\/strong> ont \u00e9t\u00e9 particuli\u00e8rement d\u00e9velopp\u00e9s. Un nombre important de <strong>propositions de spectacles est d\u00e9di\u00e9 aux scolaires<\/strong>. Le dispositif \u00ab <strong>La culture dans les \u00e9coles<\/strong> \u00bb a permis \u00e0 550 enfants de b\u00e9n\u00e9ficier de pratiques artistiques. L&rsquo;\u00e9cole de musique a continu\u00e9 de d\u00e9velopper ses pratiques et a particip\u00e9 \u00e0 des <strong>projets inter-\u00e9coles de musique<\/strong> soutenus par le d\u00e9partement du Val d&rsquo;Oise.<\/p>\n\n\n\n<p>L&rsquo;animation culturelle a \u00e9t\u00e9 rythm\u00e9e par une programmation dense et diversifi\u00e9e. En moyenne, <strong>50 rendez-vous culturels<\/strong> sont propos\u00e9s chaque ann\u00e9e aux Beauchampois. L&rsquo;initiative des \u00ab mardis musique \u00bb a \u00e9galement \u00e9t\u00e9 un point fort de l&rsquo;animation culturelle r\u00e9guli\u00e8re. Enfin, l&rsquo;action culturelle a \u00e9t\u00e9 mise \u00e0 contribution pour la c\u00e9l\u00e9bration du Centenaire de la ville en 2022, avec un Festival de rue, un Show sp\u00e9cial de l&rsquo;\u00e9cole de musique, une Dict\u00e9e interg\u00e9n\u00e9rationnelle et un jeu de piste.<\/p>\n\n\n\n<h2 class=\"wp-block-heading\"><strong>Chiffres cl\u00e9s<\/strong><\/h2>\n\n\n\n<ul class=\"wp-block-list\">\n<li><strong>1\u00e8re<\/strong> : Position de Beauchamp comme <strong>premi\u00e8re ville du Val d&rsquo;Oise<\/strong> \u00e0 obtenir la reconnaissance \u00ab Territoire de culture \u00bb.<\/li>\n\n\n\n<li><strong>50<\/strong> : Nombre de <strong>rendez-vous culturels<\/strong> propos\u00e9s en moyenne chaque ann\u00e9e.<\/li>\n\n\n\n<li><strong>550<\/strong> : Nombre d&rsquo;<strong>enfants<\/strong> participant au dispositif \u00ab La culture dans les \u00e9coles \u00bb.<\/li>\n\n\n\n<li><strong>6 ans<\/strong> : \u00c2ge limite en dessous duquel la <strong>gratuit\u00e9 est appliqu\u00e9e<\/strong> pour les enfants lors des \u00e9v\u00e9nements culturels.<\/li>\n\n\n\n<li><strong>1<\/strong> : Mise en place de la <strong>billetterie en ligne<\/strong> pour faciliter l&rsquo;acc\u00e8s aux spectacles.<\/li>\n\n\n\n<li><strong>2022<\/strong> : Ann\u00e9e de la c\u00e9l\u00e9bration du <strong>Centenaire de la ville<\/strong>, marqu\u00e9e par de nombreux \u00e9v\u00e9nements culturels.<\/li>\n<\/ul>\n","protected":false},"excerpt":{"rendered":"<p>Notre politique a \u00e9t\u00e9 salu\u00e9e par une reconnaissance nationale : la ville est devenue la premi\u00e8re du Val d&rsquo;Oise \u00e0 obtenir le label \u00ab Territoire de culture \u00bb. Cette distinction t\u00e9moigne d&rsquo;une offre culturelle ambitieuse, vari\u00e9e, de qualit\u00e9 et accessible \u00e0 tous. La municipalit\u00e9 a affirm\u00e9 son engagement \u00e0 investir dans la vie culturelle de [&hellip;]<\/p>\n","protected":false},"author":1,"featured_media":167,"parent":53,"menu_order":0,"comment_status":"closed","ping_status":"closed","template":"","meta":{"footnotes":""},"class_list":["post-96","page","type-page","status-publish","has-post-thumbnail","hentry"],"_links":{"self":[{"href":"https:\/\/agirensemblepourbeauchamp.fr\/index.php\/wp-json\/wp\/v2\/pages\/96","targetHints":{"allow":["GET"]}}],"collection":[{"href":"https:\/\/agirensemblepourbeauchamp.fr\/index.php\/wp-json\/wp\/v2\/pages"}],"about":[{"href":"https:\/\/agirensemblepourbeauchamp.fr\/index.php\/wp-json\/wp\/v2\/types\/page"}],"author":[{"embeddable":true,"href":"https:\/\/agirensemblepourbeauchamp.fr\/index.php\/wp-json\/wp\/v2\/users\/1"}],"replies":[{"embeddable":true,"href":"https:\/\/agirensemblepourbeauchamp.fr\/index.php\/wp-json\/wp\/v2\/comments?post=96"}],"version-history":[{"count":1,"href":"https:\/\/agirensemblepourbeauchamp.fr\/index.php\/wp-json\/wp\/v2\/pages\/96\/revisions"}],"predecessor-version":[{"id":97,"href":"https:\/\/agirensemblepourbeauchamp.fr\/index.php\/wp-json\/wp\/v2\/pages\/96\/revisions\/97"}],"up":[{"embeddable":true,"href":"https:\/\/agirensemblepourbeauchamp.fr\/index.php\/wp-json\/wp\/v2\/pages\/53"}],"wp:featuredmedia":[{"embeddable":true,"href":"https:\/\/agirensemblepourbeauchamp.fr\/index.php\/wp-json\/wp\/v2\/media\/167"}],"wp:attachment":[{"href":"https:\/\/agirensemblepourbeauchamp.fr\/index.php\/wp-json\/wp\/v2\/media?parent=96"}],"curies":[{"name":"wp","href":"https:\/\/api.w.org\/{rel}","templated":true}]}}