{"id":98,"date":"2025-11-29T23:39:21","date_gmt":"2025-11-29T22:39:21","guid":{"rendered":"https:\/\/agirensemblepourbeauchamp.fr\/?page_id=98"},"modified":"2026-02-01T19:13:45","modified_gmt":"2026-02-01T18:13:45","slug":"2020-2026-animation-ville","status":"publish","type":"page","link":"https:\/\/agirensemblepourbeauchamp.fr\/index.php\/bilan-2020-2026\/2020-2026-animation-ville\/","title":{"rendered":"2020 &#8211; 2026 : Animation ville"},"content":{"rendered":"\n<p>Notre programme d&rsquo;animation de la ville vise \u00e0 offrir du loisir et du divertissement <strong>\u00a0pour tous<\/strong>, dans le but de passer de bons moments, de rencontrer d&rsquo;autres habitants et de renforcer le lien social et le dynamisme local. Nous organisons une <strong>grande diversit\u00e9 d&rsquo;\u00e9v\u00e9nements<\/strong> tout au long de l&rsquo;ann\u00e9e, con\u00e7us pour satisfaire tous les publics.<\/p>\n\n\n\n<p>Le mandat a \u00e9t\u00e9 l&rsquo;occasion de cr\u00e9er de <strong>nouvelles manifestations<\/strong> qui ont rapidement rencontr\u00e9 le succ\u00e8s. C&rsquo;est le cas de l&rsquo;\u00e9v\u00e9nement \u00ab <strong>Plan\u00e8te jeux<\/strong> \u00bb, consacr\u00e9 aux jeux de soci\u00e9t\u00e9 pour toute la famille, qui a accueilli plus de 1000 \u00e9l\u00e8ves et 400 familles en 2025. Le \u00ab <strong>R\u00e9tro gaming<\/strong> \u00bb est devenu un rendez-vous attendu des amateurs de jeux vid\u00e9o. La traditionnelle <strong>Chasse aux \u0153ufs<\/strong> a \u00e9t\u00e9 revue avec une nouvelle formule sous forme de parcours d&rsquo;\u00e9nigmes dans la ville. La <strong>journ\u00e9e tous \u00e9cocitoyens <\/strong>\u00a0a \u00e9t\u00e9 mise en place, en partenariat avec les associations et les services jeunesse et espaces verts.<\/p>\n\n\n\n<p>Les \u00e9v\u00e9nements classiques ont \u00e9t\u00e9 maintenus et enrichis, contribuant au calendrier festif de la ville : <strong>la F\u00eate des vendanges, le Feu d&rsquo;artifice musical, la Journ\u00e9e Tous Ecocitoyens<\/strong>. Le <strong>March\u00e9 de No\u00ebl<\/strong> est tr\u00e8s appr\u00e9ci\u00e9 par la qualit\u00e9 de ses exposants \u00a0et le <strong>Concours des d\u00e9corations et illuminations de No\u00ebl<\/strong> a connu un bel engagement \u00a0des habitants et des commer\u00e7ants.<\/p>\n\n\n\n<p>L&rsquo;ann\u00e9e 2022 a \u00e9t\u00e9 particuli\u00e8rement riche avec la <strong>c\u00e9l\u00e9bration du Centenaire de la cr\u00e9ation de la commune<\/strong> (30 mars 1922). L&rsquo;animation s&rsquo;est d\u00e9clin\u00e9e tout au long de l&rsquo;ann\u00e9e avec un Festival de rue, un Show sp\u00e9cial de l&rsquo;\u00e9cole de musique, une dict\u00e9e interg\u00e9n\u00e9rationnelle, la cr\u00e9ation d&rsquo;une \u00c9cole d&rsquo;antan, un jeu de piste, le Carnaval du Centenaire, \u00ab Beauch&rsquo;en f\u00eate \u00bb (4 spectacles), une revue-cabaret Les Ann\u00e9es Folles et un spectacle son et lumi\u00e8re \u00e0 l&rsquo;H\u00f4tel de Ville. Enfin, nous organisons une matin\u00e9e d\u2019&rsquo;<strong>accueil pour les nouveaux arrivants \u00e0 Beauchamp<\/strong>, pendant laquelle nous leur faisons d\u00e9couvrir les sites et le patrimoine de la ville.<\/p>\n\n\n\n<h2 class=\"wp-block-heading\"><strong>Chiffres cl\u00e9s<\/strong> et r\u00e9alisations<\/h2>\n\n\n\n<ul class=\"wp-block-list\">\n<li><strong>1000 +<\/strong> : Nombre d&rsquo;<strong>\u00e9l\u00e8ves<\/strong> accueillis lors de l&rsquo;\u00e9v\u00e9nement \u00ab Plan\u00e8te jeux \u00bb en 2025.<\/li>\n\n\n\n<li><strong>400 +<\/strong> : Nombre de <strong>familles<\/strong> accueillies lors de l&rsquo;\u00e9v\u00e9nement \u00ab Plan\u00e8te jeux \u00bb en 2025.<\/li>\n\n\n\n<li><strong>2022<\/strong> : Ann\u00e9e de la <strong>c\u00e9l\u00e9bration du Centenaire<\/strong> de la cr\u00e9ation de la commune.<\/li>\n\n\n\n<li>A partir de 2020, nouvelle formule de la <strong>Chasse aux \u0153ufs<\/strong> (parcours d&rsquo;\u00e9nigmes dans la ville).<\/li>\n\n\n\n<li>Cr\u00e9ation de la <strong>journ\u00e9e tous \u00e9cocitoyens<\/strong> en partenariat avec les associations et les services municipaux.<\/li>\n\n\n\n<li><strong>4<\/strong> : Nombre de <strong>spectacles<\/strong> organis\u00e9s aux quatre coins de la ville lors de \u00ab Beauch&rsquo;en f\u00eate \u00bb pour le Centenaire.<\/li>\n<\/ul>\n","protected":false},"excerpt":{"rendered":"<p>Notre programme d&rsquo;animation de la ville vise \u00e0 offrir du loisir et du divertissement \u00a0pour tous, dans le but de passer de bons moments, de rencontrer d&rsquo;autres habitants et de renforcer le lien social et le dynamisme local. Nous organisons une grande diversit\u00e9 d&rsquo;\u00e9v\u00e9nements tout au long de l&rsquo;ann\u00e9e, con\u00e7us pour satisfaire tous les publics. [&hellip;]<\/p>\n","protected":false},"author":1,"featured_media":172,"parent":53,"menu_order":0,"comment_status":"closed","ping_status":"closed","template":"","meta":{"footnotes":""},"class_list":["post-98","page","type-page","status-publish","has-post-thumbnail","hentry"],"_links":{"self":[{"href":"https:\/\/agirensemblepourbeauchamp.fr\/index.php\/wp-json\/wp\/v2\/pages\/98","targetHints":{"allow":["GET"]}}],"collection":[{"href":"https:\/\/agirensemblepourbeauchamp.fr\/index.php\/wp-json\/wp\/v2\/pages"}],"about":[{"href":"https:\/\/agirensemblepourbeauchamp.fr\/index.php\/wp-json\/wp\/v2\/types\/page"}],"author":[{"embeddable":true,"href":"https:\/\/agirensemblepourbeauchamp.fr\/index.php\/wp-json\/wp\/v2\/users\/1"}],"replies":[{"embeddable":true,"href":"https:\/\/agirensemblepourbeauchamp.fr\/index.php\/wp-json\/wp\/v2\/comments?post=98"}],"version-history":[{"count":1,"href":"https:\/\/agirensemblepourbeauchamp.fr\/index.php\/wp-json\/wp\/v2\/pages\/98\/revisions"}],"predecessor-version":[{"id":99,"href":"https:\/\/agirensemblepourbeauchamp.fr\/index.php\/wp-json\/wp\/v2\/pages\/98\/revisions\/99"}],"up":[{"embeddable":true,"href":"https:\/\/agirensemblepourbeauchamp.fr\/index.php\/wp-json\/wp\/v2\/pages\/53"}],"wp:featuredmedia":[{"embeddable":true,"href":"https:\/\/agirensemblepourbeauchamp.fr\/index.php\/wp-json\/wp\/v2\/media\/172"}],"wp:attachment":[{"href":"https:\/\/agirensemblepourbeauchamp.fr\/index.php\/wp-json\/wp\/v2\/media?parent=98"}],"curies":[{"name":"wp","href":"https:\/\/api.w.org\/{rel}","templated":true}]}}